{"id":18,"date":"2023-10-24T11:11:13","date_gmt":"2023-10-24T11:11:13","guid":{"rendered":"https:\/\/hermandadsacramentalespartinas.es\/?page_id=18"},"modified":"2024-03-15T16:52:50","modified_gmt":"2024-03-15T16:52:50","slug":"paso-de-cristo","status":"publish","type":"page","link":"https:\/\/hermandadsacramentalespartinas.es\/?page_id=18","title":{"rendered":"Paso de Cristo"},"content":{"rendered":"\t\t<div data-elementor-type=\"wp-page\" data-elementor-id=\"18\" class=\"elementor elementor-18\" data-elementor-post-type=\"page\">\n\t\t\t\t<div class=\"elementor-element elementor-element-1fde948 e-flex e-con-boxed e-con e-parent\" data-id=\"1fde948\" data-element_type=\"container\" data-e-type=\"container\">\n\t\t\t\t\t<div class=\"e-con-inner\">\n\t\t\t\t<div class=\"elementor-element elementor-element-5b4bcd0 elementor-widget elementor-widget-image\" data-id=\"5b4bcd0\" data-element_type=\"widget\" data-e-type=\"widget\" data-widget_type=\"image.default\">\n\t\t\t\t<div class=\"elementor-widget-container\">\n\t\t\t\t\t\t\t\t\t\t\t\t\t\t\t<img fetchpriority=\"high\" decoding=\"async\" width=\"472\" height=\"1024\" src=\"https:\/\/hermandadsacramentalespartinas.es\/wp-content\/uploads\/2023\/10\/WhatsApp-Image-2023-10-24-at-09.50.20-18.jpeg\" class=\"attachment-medium_large size-medium_large wp-image-91\" alt=\"\" srcset=\"https:\/\/hermandadsacramentalespartinas.es\/wp-content\/uploads\/2023\/10\/WhatsApp-Image-2023-10-24-at-09.50.20-18.jpeg 472w, https:\/\/hermandadsacramentalespartinas.es\/wp-content\/uploads\/2023\/10\/WhatsApp-Image-2023-10-24-at-09.50.20-18-138x300.jpeg 138w\" sizes=\"(max-width: 472px) 100vw, 472px\" \/>\t\t\t\t\t\t\t\t\t\t\t\t\t\t\t<\/div>\n\t\t\t\t<\/div>\n\t\t\t\t<div class=\"elementor-element elementor-element-87593ee elementor-widget elementor-widget-text-editor\" data-id=\"87593ee\" data-element_type=\"widget\" data-e-type=\"widget\" data-widget_type=\"text-editor.default\">\n\t\t\t\t<div class=\"elementor-widget-container\">\n\t\t\t\t\t\t\t\t\t<figure id=\"attachment_270\" aria-describedby=\"caption-attachment-270\" style=\"width: 237px\" class=\"wp-caption alignleft\"><a href=\"https:\/\/hermandadsacramentalespartinas.es\/wp-content\/uploads\/2024\/03\/Santisimo-Cristo-de-la-Sangre-en-su-paso-1.jpg\"><img decoding=\"async\" class=\"wp-image-270 size-medium\" src=\"https:\/\/hermandadsacramentalespartinas.es\/wp-content\/uploads\/2024\/03\/Santisimo-Cristo-de-la-Sangre-en-su-paso-1-237x300.jpg\" alt=\"\" width=\"237\" height=\"300\" srcset=\"https:\/\/hermandadsacramentalespartinas.es\/wp-content\/uploads\/2024\/03\/Santisimo-Cristo-de-la-Sangre-en-su-paso-1-237x300.jpg 237w, https:\/\/hermandadsacramentalespartinas.es\/wp-content\/uploads\/2024\/03\/Santisimo-Cristo-de-la-Sangre-en-su-paso-1-768x972.jpg 768w, https:\/\/hermandadsacramentalespartinas.es\/wp-content\/uploads\/2024\/03\/Santisimo-Cristo-de-la-Sangre-en-su-paso-1.jpg 809w\" sizes=\"(max-width: 237px) 100vw, 237px\" \/><\/a><figcaption id=\"caption-attachment-270\" class=\"wp-caption-text\">Sant\u00edsimo Cristo de la Sangre en el antiguo paso<\/figcaption><\/figure><p>\u00a0<\/p><p>El <em>paso<\/em> del Sant\u00edsimo Cristo de la Sangre fue realizado gracias a la comisi\u00f3n formada por varios miembros tanto de la junta de gobierno del a\u00f1o 1981 como por algunos hermanos y hermanas de la localidad, fue gracias a las donaciones de todos los hermanos y vecinos de Espartinas que por medio de una cuota extraordinaria subsano los costes de realizaci\u00f3n del <em>paso<\/em>.<\/p><p>El <em>paso<\/em> al completo fue realizado en los talleres de \u00c1ngel de la Feria, en la calle Muros de los Navarros (Sevilla), el <em>paso<\/em> fue realizado en tres fases, en primer lugar, la parihuela, en segundo lugar, la canastilla y por \u00faltimo los respiraderos todos ellos tallados a mano en madera de caoba.<\/p><p>Una vez completada la labor de tallado y barnizado, fueron las hijas de D. \u00c1ngel de la Feria las encargadas de pintar tanto las cuatro cartelas como los evangelistas situados uno en cada esquina del <em>paso<\/em>.<\/p><p>Durante todo el a\u00f1o el <em>paso<\/em> del Sant\u00edsimo Cristo esta guardado totalmente desmontado en el museo de la Casa Hermandad.<\/p>\t\t\t\t\t\t\t\t<\/div>\n\t\t\t\t<\/div>\n\t\t\t\t\t<\/div>\n\t\t\t\t<\/div>\n\t\t\t\t<\/div>\n\t\t","protected":false},"excerpt":{"rendered":"<p>\u00a0 El paso del Sant\u00edsimo Cristo de la Sangre fue realizado gracias a la comisi\u00f3n formada por varios miembros tanto de la junta de gobierno del a\u00f1o 1981 como por algunos hermanos y hermanas de la localidad, fue gracias a las donaciones de todos los hermanos y vecinos de Espartinas que por medio de una [&hellip;]<\/p>\n","protected":false},"author":1,"featured_media":0,"parent":0,"menu_order":0,"comment_status":"closed","ping_status":"closed","template":"","meta":{"site-sidebar-layout":"default","site-content-layout":"","ast-site-content-layout":"default","site-content-style":"default","site-sidebar-style":"default","ast-global-header-display":"","ast-banner-title-visibility":"","ast-main-header-display":"","ast-hfb-above-header-display":"","ast-hfb-below-header-display":"","ast-hfb-mobile-header-display":"","site-post-title":"","ast-breadcrumbs-content":"","ast-featured-img":"","footer-sml-layout":"","ast-disable-related-posts":"","theme-transparent-header-meta":"","adv-header-id-meta":"","stick-header-meta":"","header-above-stick-meta":"","header-main-stick-meta":"","header-below-stick-meta":"","astra-migrate-meta-layouts":"default","ast-page-background-enabled":"default","ast-page-background-meta":{"desktop":{"background-color":"var(--ast-global-color-4)","background-image":"","background-repeat":"repeat","background-position":"center center","background-size":"auto","background-attachment":"scroll","background-type":"","background-media":"","overlay-type":"","overlay-color":"","overlay-opacity":"","overlay-gradient":""},"tablet":{"background-color":"","background-image":"","background-repeat":"repeat","background-position":"center center","background-size":"auto","background-attachment":"scroll","background-type":"","background-media":"","overlay-type":"","overlay-color":"","overlay-opacity":"","overlay-gradient":""},"mobile":{"background-color":"","background-image":"","background-repeat":"repeat","background-position":"center center","background-size":"auto","background-attachment":"scroll","background-type":"","background-media":"","overlay-type":"","overlay-color":"","overlay-opacity":"","overlay-gradient":""}},"ast-content-background-meta":{"desktop":{"background-color":"var(--ast-global-color-5)","background-image":"","background-repeat":"repeat","background-position":"center center","background-size":"auto","background-attachment":"scroll","background-type":"","background-media":"","overlay-type":"","overlay-color":"","overlay-opacity":"","overlay-gradient":""},"tablet":{"background-color":"var(--ast-global-color-5)","background-image":"","background-repeat":"repeat","background-position":"center center","background-size":"auto","background-attachment":"scroll","background-type":"","background-media":"","overlay-type":"","overlay-color":"","overlay-opacity":"","overlay-gradient":""},"mobile":{"background-color":"var(--ast-global-color-5)","background-image":"","background-repeat":"repeat","background-position":"center center","background-size":"auto","background-attachment":"scroll","background-type":"","background-media":"","overlay-type":"","overlay-color":"","overlay-opacity":"","overlay-gradient":""}},"footnotes":""},"class_list":["post-18","page","type-page","status-publish","hentry"],"_links":{"self":[{"href":"https:\/\/hermandadsacramentalespartinas.es\/index.php?rest_route=\/wp\/v2\/pages\/18","targetHints":{"allow":["GET"]}}],"collection":[{"href":"https:\/\/hermandadsacramentalespartinas.es\/index.php?rest_route=\/wp\/v2\/pages"}],"about":[{"href":"https:\/\/hermandadsacramentalespartinas.es\/index.php?rest_route=\/wp\/v2\/types\/page"}],"author":[{"embeddable":true,"href":"https:\/\/hermandadsacramentalespartinas.es\/index.php?rest_route=\/wp\/v2\/users\/1"}],"replies":[{"embeddable":true,"href":"https:\/\/hermandadsacramentalespartinas.es\/index.php?rest_route=%2Fwp%2Fv2%2Fcomments&post=18"}],"version-history":[{"count":28,"href":"https:\/\/hermandadsacramentalespartinas.es\/index.php?rest_route=\/wp\/v2\/pages\/18\/revisions"}],"predecessor-version":[{"id":294,"href":"https:\/\/hermandadsacramentalespartinas.es\/index.php?rest_route=\/wp\/v2\/pages\/18\/revisions\/294"}],"wp:attachment":[{"href":"https:\/\/hermandadsacramentalespartinas.es\/index.php?rest_route=%2Fwp%2Fv2%2Fmedia&parent=18"}],"curies":[{"name":"wp","href":"https:\/\/api.w.org\/{rel}","templated":true}]}}