{"id":246,"date":"2024-03-15T16:20:28","date_gmt":"2024-03-15T16:20:28","guid":{"rendered":"https:\/\/hermandadsacramentalespartinas.es\/?page_id=246"},"modified":"2024-03-16T17:02:02","modified_gmt":"2024-03-16T17:02:02","slug":"manto-de-los-soles","status":"publish","type":"page","link":"https:\/\/hermandadsacramentalespartinas.es\/?page_id=246","title":{"rendered":"Manto de los soles"},"content":{"rendered":"\t\t<div data-elementor-type=\"wp-page\" data-elementor-id=\"246\" class=\"elementor elementor-246\" data-elementor-post-type=\"page\">\n\t\t\t\t<div class=\"elementor-element elementor-element-4c48458 e-flex e-con-boxed e-con e-parent\" data-id=\"4c48458\" data-element_type=\"container\" data-e-type=\"container\">\n\t\t\t\t\t<div class=\"e-con-inner\">\n\t\t\t\t<div class=\"elementor-element elementor-element-d81cc3d elementor-widget elementor-widget-image\" data-id=\"d81cc3d\" data-element_type=\"widget\" data-e-type=\"widget\" data-widget_type=\"image.default\">\n\t\t\t\t<div class=\"elementor-widget-container\">\n\t\t\t\t\t\t\t\t\t\t\t\t\t\t\t<img fetchpriority=\"high\" decoding=\"async\" width=\"768\" height=\"1024\" src=\"https:\/\/hermandadsacramentalespartinas.es\/wp-content\/uploads\/2024\/03\/Manto-de-los-soles-4.jpg\" class=\"attachment-large size-large wp-image-443\" alt=\"\" srcset=\"https:\/\/hermandadsacramentalespartinas.es\/wp-content\/uploads\/2024\/03\/Manto-de-los-soles-4.jpg 768w, https:\/\/hermandadsacramentalespartinas.es\/wp-content\/uploads\/2024\/03\/Manto-de-los-soles-4-225x300.jpg 225w\" sizes=\"(max-width: 768px) 100vw, 768px\" \/>\t\t\t\t\t\t\t\t\t\t\t\t\t\t\t<\/div>\n\t\t\t\t<\/div>\n\t\t\t\t<div class=\"elementor-element elementor-element-e787e04 elementor-widget elementor-widget-text-editor\" data-id=\"e787e04\" data-element_type=\"widget\" data-e-type=\"widget\" data-widget_type=\"text-editor.default\">\n\t\t\t\t<div class=\"elementor-widget-container\">\n\t\t\t\t\t\t\t\t\t<p><img decoding=\"async\" class=\"size-medium wp-image-440 alignleft\" src=\"https:\/\/hermandadsacramentalespartinas.es\/wp-content\/uploads\/2024\/03\/Manto-de-los-soles-1-195x300.jpg\" alt=\"\" width=\"195\" height=\"300\" srcset=\"https:\/\/hermandadsacramentalespartinas.es\/wp-content\/uploads\/2024\/03\/Manto-de-los-soles-1-195x300.jpg 195w, https:\/\/hermandadsacramentalespartinas.es\/wp-content\/uploads\/2024\/03\/Manto-de-los-soles-1-666x1024.jpg 666w, https:\/\/hermandadsacramentalespartinas.es\/wp-content\/uploads\/2024\/03\/Manto-de-los-soles-1.jpg 735w\" sizes=\"(max-width: 195px) 100vw, 195px\" \/><img decoding=\"async\" class=\"size-medium wp-image-441 alignright\" src=\"https:\/\/hermandadsacramentalespartinas.es\/wp-content\/uploads\/2024\/03\/Manto-de-los-soles-2-225x300.jpg\" alt=\"\" width=\"225\" height=\"300\" srcset=\"https:\/\/hermandadsacramentalespartinas.es\/wp-content\/uploads\/2024\/03\/Manto-de-los-soles-2-225x300.jpg 225w, https:\/\/hermandadsacramentalespartinas.es\/wp-content\/uploads\/2024\/03\/Manto-de-los-soles-2.jpg 316w\" sizes=\"(max-width: 225px) 100vw, 225px\" \/>Documentalmente se sabe que en 1880, las hermanas bordadoras Ana y Josefa Ant\u00fanez, siguiendo el dise\u00f1o de Manuel Beltr\u00e1n Jim\u00e9nez, realizaron para la Hermandad de Ntra. Sra. de la O de Sevilla, un manto bordado en oro a realce, sobre terciopelo negro, conocido como \u201cEl Manto de los Soles\u201d y que se estren\u00f3 en la madrugada de ese mismo a\u00f1o.<\/p><p>Se denomina as\u00ed porque en su dise\u00f1o se encuentran cinco representaciones del astro rey. En el centro de cada uno de ellos, podemos ver los atributos de la pasi\u00f3n de nuestro Redentor.<\/p><p>Este manto fue lucido por Ntra. Sra. de la O durante una d\u00e9cada.<\/p><p>En 1891 la Hermandad Trianera lo sustituy\u00f3 por otro nuevo, pero se desconoce la fecha exacta en la que el citado manto fue adquirido por la Hermandad Sacramental de Espartinas, la actual propietaria de esta joya del bordado del siglo XIX.<\/p><figure id=\"attachment_442\" aria-describedby=\"caption-attachment-442\" style=\"width: 300px\" class=\"wp-caption alignleft\"><img loading=\"lazy\" decoding=\"async\" class=\"wp-image-442 size-medium\" src=\"https:\/\/hermandadsacramentalespartinas.es\/wp-content\/uploads\/2024\/03\/Manto-de-los-soles-3-300x225.jpg\" alt=\"\" width=\"300\" height=\"225\" srcset=\"https:\/\/hermandadsacramentalespartinas.es\/wp-content\/uploads\/2024\/03\/Manto-de-los-soles-3-300x225.jpg 300w, https:\/\/hermandadsacramentalespartinas.es\/wp-content\/uploads\/2024\/03\/Manto-de-los-soles-3-1024x768.jpg 1024w, https:\/\/hermandadsacramentalespartinas.es\/wp-content\/uploads\/2024\/03\/Manto-de-los-soles-3-768x576.jpg 768w, https:\/\/hermandadsacramentalespartinas.es\/wp-content\/uploads\/2024\/03\/Manto-de-los-soles-3.jpg 1299w\" sizes=\"(max-width: 300px) 100vw, 300px\" \/><figcaption id=\"caption-attachment-442\" class=\"wp-caption-text\">Piezas a\u00f1adidas en la restauraci\u00f3n 1991<\/figcaption><\/figure><p>En el a\u00f1o 1991 se restaur\u00f3, pasando los bordados a terciopelo nuevo de igual color, por el bordador Benjam\u00edn P\u00e9rez P\u00e9rez,\u00a0 que le a\u00f1adi\u00f3 nuevas piezas a juego con el conjunto, para aumentar el largo del mismo.<\/p><p>Cada Martes Santo la Sant\u00edsima Virgen de los Dolores de la mencionada Hermandad de Espartinas, lo luce en su Estaci\u00f3n de Penitencia.<\/p>\t\t\t\t\t\t\t\t<\/div>\n\t\t\t\t<\/div>\n\t\t\t\t\t<\/div>\n\t\t\t\t<\/div>\n\t\t\t\t<\/div>\n\t\t","protected":false},"excerpt":{"rendered":"<p>Documentalmente se sabe que en 1880, las hermanas bordadoras Ana y Josefa Ant\u00fanez, siguiendo el dise\u00f1o de Manuel Beltr\u00e1n Jim\u00e9nez, realizaron para la Hermandad de Ntra. Sra. de la O de Sevilla, un manto bordado en oro a realce, sobre terciopelo negro, conocido como \u201cEl Manto de los Soles\u201d y que se estren\u00f3 en la [&hellip;]<\/p>\n","protected":false},"author":2,"featured_media":0,"parent":0,"menu_order":0,"comment_status":"closed","ping_status":"closed","template":"","meta":{"site-sidebar-layout":"default","site-content-layout":"","ast-site-content-layout":"default","site-content-style":"default","site-sidebar-style":"default","ast-global-header-display":"","ast-banner-title-visibility":"","ast-main-header-display":"","ast-hfb-above-header-display":"","ast-hfb-below-header-display":"","ast-hfb-mobile-header-display":"","site-post-title":"","ast-breadcrumbs-content":"","ast-featured-img":"","footer-sml-layout":"","ast-disable-related-posts":"","theme-transparent-header-meta":"","adv-header-id-meta":"","stick-header-meta":"","header-above-stick-meta":"","header-main-stick-meta":"","header-below-stick-meta":"","astra-migrate-meta-layouts":"default","ast-page-background-enabled":"default","ast-page-background-meta":{"desktop":{"background-color":"var(--ast-global-color-4)","background-image":"","background-repeat":"repeat","background-position":"center center","background-size":"auto","background-attachment":"scroll","background-type":"","background-media":"","overlay-type":"","overlay-color":"","overlay-opacity":"","overlay-gradient":""},"tablet":{"background-color":"","background-image":"","background-repeat":"repeat","background-position":"center center","background-size":"auto","background-attachment":"scroll","background-type":"","background-media":"","overlay-type":"","overlay-color":"","overlay-opacity":"","overlay-gradient":""},"mobile":{"background-color":"","background-image":"","background-repeat":"repeat","background-position":"center center","background-size":"auto","background-attachment":"scroll","background-type":"","background-media":"","overlay-type":"","overlay-color":"","overlay-opacity":"","overlay-gradient":""}},"ast-content-background-meta":{"desktop":{"background-color":"var(--ast-global-color-5)","background-image":"","background-repeat":"repeat","background-position":"center center","background-size":"auto","background-attachment":"scroll","background-type":"","background-media":"","overlay-type":"","overlay-color":"","overlay-opacity":"","overlay-gradient":""},"tablet":{"background-color":"var(--ast-global-color-5)","background-image":"","background-repeat":"repeat","background-position":"center center","background-size":"auto","background-attachment":"scroll","background-type":"","background-media":"","overlay-type":"","overlay-color":"","overlay-opacity":"","overlay-gradient":""},"mobile":{"background-color":"var(--ast-global-color-5)","background-image":"","background-repeat":"repeat","background-position":"center center","background-size":"auto","background-attachment":"scroll","background-type":"","background-media":"","overlay-type":"","overlay-color":"","overlay-opacity":"","overlay-gradient":""}},"footnotes":""},"class_list":["post-246","page","type-page","status-publish","hentry"],"_links":{"self":[{"href":"https:\/\/hermandadsacramentalespartinas.es\/index.php?rest_route=\/wp\/v2\/pages\/246","targetHints":{"allow":["GET"]}}],"collection":[{"href":"https:\/\/hermandadsacramentalespartinas.es\/index.php?rest_route=\/wp\/v2\/pages"}],"about":[{"href":"https:\/\/hermandadsacramentalespartinas.es\/index.php?rest_route=\/wp\/v2\/types\/page"}],"author":[{"embeddable":true,"href":"https:\/\/hermandadsacramentalespartinas.es\/index.php?rest_route=\/wp\/v2\/users\/2"}],"replies":[{"embeddable":true,"href":"https:\/\/hermandadsacramentalespartinas.es\/index.php?rest_route=%2Fwp%2Fv2%2Fcomments&post=246"}],"version-history":[{"count":13,"href":"https:\/\/hermandadsacramentalespartinas.es\/index.php?rest_route=\/wp\/v2\/pages\/246\/revisions"}],"predecessor-version":[{"id":456,"href":"https:\/\/hermandadsacramentalespartinas.es\/index.php?rest_route=\/wp\/v2\/pages\/246\/revisions\/456"}],"wp:attachment":[{"href":"https:\/\/hermandadsacramentalespartinas.es\/index.php?rest_route=%2Fwp%2Fv2%2Fmedia&parent=246"}],"curies":[{"name":"wp","href":"https:\/\/api.w.org\/{rel}","templated":true}]}}